{"id":1087,"date":"2026-02-23T13:14:59","date_gmt":"2026-02-23T12:14:59","guid":{"rendered":"https:\/\/seniorshop.fi\/alue-4\/mallisto\/Ei-luokiteltu\/takki\/"},"modified":"2026-02-23T14:31:32","modified_gmt":"2026-02-23T13:31:32","slug":"takki","status":"publish","type":"product","link":"https:\/\/seniorshop.fi\/alue-4\/mallisto\/naiset\/ulkovaatteet\/takki\/","title":{"rendered":"Takki"},"content":{"rendered":"","protected":false},"excerpt":{"rendered":"<p>Vett\u00e4hylkiv\u00e4 kev\u00e4ttakki<\/p>\n","protected":false},"featured_media":10000006965,"template":"","meta":{"_acf_changed":false},"product_brand":[140],"product_cat":[37,71],"product_tag":[],"class_list":{"0":"post-1087","1":"product","2":"type-product","3":"status-publish","4":"has-post-thumbnail","6":"product_brand-frandsen","7":"product_cat-naiset","8":"product_cat-ulkovaatteet","9":"pa_koot-53","10":"pa_koot-45","11":"pa_koot-46","12":"pa_koot-47","13":"pa_koot-48","14":"pa_koot-49","15":"pa_koot-50","16":"pa_koot-51","17":"pa_koot-52","18":"pa_koot-54","19":"pa_koot-120","20":"pa_koot-130","21":"pa_vari-laventeli","23":"first","24":"instock","25":"purchasable","26":"product-type-simple"},"acf":[],"mb":[],"mfb_rest_fields":["title"],"_links":{"self":[{"href":"https:\/\/seniorshop.fi\/alue-4\/wp-json\/wp\/v2\/product\/1087","targetHints":{"allow":["GET"]}}],"collection":[{"href":"https:\/\/seniorshop.fi\/alue-4\/wp-json\/wp\/v2\/product"}],"about":[{"href":"https:\/\/seniorshop.fi\/alue-4\/wp-json\/wp\/v2\/types\/product"}],"wp:featuredmedia":[{"embeddable":true,"href":"https:\/\/seniorshop.fi\/alue-4\/wp-json\/"}],"wp:attachment":[{"href":"https:\/\/seniorshop.fi\/alue-4\/wp-json\/wp\/v2\/media?parent=1087"}],"wp:term":[{"taxonomy":"product_brand","embeddable":true,"href":"https:\/\/seniorshop.fi\/alue-4\/wp-json\/wp\/v2\/product_brand?post=1087"},{"taxonomy":"product_cat","embeddable":true,"href":"https:\/\/seniorshop.fi\/alue-4\/wp-json\/wp\/v2\/product_cat?post=1087"},{"taxonomy":"product_tag","embeddable":true,"href":"https:\/\/seniorshop.fi\/alue-4\/wp-json\/wp\/v2\/product_tag?post=1087"}],"curies":[{"name":"wp","href":"https:\/\/api.w.org\/{rel}","templated":true}]}}