{"id":522,"date":"2024-11-05T13:40:58","date_gmt":"2024-11-05T12:40:58","guid":{"rendered":"https:\/\/seniorshop.fi\/?page_id=3734"},"modified":"2025-08-21T13:58:25","modified_gmt":"2025-08-21T11:58:25","slug":"tietoja-seniorshopista","status":"publish","type":"page","link":"https:\/\/seniorshop.fi\/alue-10\/tietoja-seniorshopista\/","title":{"rendered":"Tietoja SeniorShopista"},"content":{"rendered":"\n<div class=\"wp-block-cover alignfull is-light has-custom-content-position is-position-bottom-left\" style=\"padding-top:var(--wp--preset--spacing--50);padding-right:0;padding-bottom:var(--wp--preset--spacing--50);padding-left:0;min-height:30vw;aspect-ratio:unset;\"><img decoding=\"async\" class=\"wp-block-cover__image-background wp-image-6320 size-full\" alt=\"\" src=\"https:\/\/seniorshop.fi\/app\/uploads\/2025\/08\/seniorshop_suomi.jpg\" style=\"object-position:51% 24%\" data-object-fit=\"cover\" data-object-position=\"51% 24%\"\/><span aria-hidden=\"true\" class=\"wp-block-cover__background has-background-dim-0 has-background-dim\" style=\"background-color:#91959d\"><\/span><div class=\"wp-block-cover__inner-container is-layout-flow wp-container-core-cover-is-layout-58c4def5 wp-block-cover-is-layout-flow\">\n<div class=\"wp-block-group has-primary-background-color has-background has-global-padding is-layout-constrained wp-container-core-group-is-layout-40d00946 wp-block-group-is-layout-constrained\" style=\"padding-top:1.5vw;padding-right:3vw;padding-bottom:1.5vw;padding-left:3vw\"><h1 class=\"has-link-color wp-elements-88f0857fdc8bad98dfdc5c16977574b2 wp-block-post-title has-text-color has-white-color\">Tietoja SeniorShopista<\/h1>\n\n\n<p class=\"has-white-color has-text-color has-link-color has-large-font-size wp-elements-6a7f30a44c8ec2baa95b3b7d9da008da\">SeniorShopSuomi on osa ruotsalaista SeniorShop-franchising-ketjua.<\/p>\n<\/div>\n<\/div><\/div>\n\n\n\n<div class=\"wp-block-group alignfull has-global-padding is-layout-constrained wp-block-group-is-layout-constrained\">\n<h2 class=\"wp-block-heading\">Liikeideana on &#8221;Kauppa, joka tulee asiakkaan luo&#8221;.<\/h2>\n\n\n\n<p>Vierailemme erityyppisiss\u00e4 yhdistyksiss\u00e4, kohtaamispaikoissa ja palvelutaloissa, tuoden mukanamme t\u00e4ydellisen naisten ja miesten vaatekaupan, joka sis\u00e4lt\u00e4\u00e4 yli 1 500&nbsp; vaatetta, jotka asiakas saa heti mukaansa. <\/p>\n\n\n\n<p>Liiketoiminta aloitettiin vuonna 1996 koetoiminnalla Helsingborgissa, ja Suomessa toiminta alkoi vuonna 2010.<\/p>\n\n\n\n<p>\u200bT\u00e4n\u00e4\u00e4n SeniorShop-ketjulla on noin 30 franchising-yritt\u00e4j\u00e4\u00e4 Ruotsissa, Norjassa ja Suomessa. Jatkamme laajentumista muualle Eurooppaan.<\/p>\n\n\n\n<p>SeniorShopSuomen Master-franchisee on Lintusetti Oy.<\/p>\n\n\n\n<p>Vahva kasvumme osoittaa, ett\u00e4 on paljon ihmisi\u00e4, jotka haluavat hankkia vaatteensa t\u00e4ll\u00e4 yksinkertaisella ja k\u00e4tev\u00e4ll\u00e4 tavalla.<\/p>\n<\/div>\n\n\n\n<div class=\"wp-block-group alignfull has-global-padding is-layout-constrained wp-block-group-is-layout-constrained\">\n<div class=\"wp-block-media-text is-stacked-on-mobile is-vertically-aligned-top is-image-fill-element is-style-soft-corner\" style=\"padding-top:0;padding-bottom:0;grid-template-columns:33% auto\"><figure class=\"wp-block-media-text__media\"><img decoding=\"async\" src=\"https:\/\/seniorshop.fi\/app\/uploads\/2024\/11\/seniorshop_fi_van.webp\" alt=\"\" class=\"wp-image-3717 size-full\" style=\"object-position:50% 50%\"\/><\/figure><div class=\"wp-block-media-text__content\">\n<h2 class=\"wp-block-heading\">Kauppa, joka tulee asiakkaan luo<\/h2>\n\n\n\n<p>SeniorShop on ainutlaatuinen kauppa, joka tulee asiakkaan luo. Pakettiautoissamme kulkee mukanamme tuotteet t\u00e4ydelliseen myym\u00e4l\u00e4\u00e4n, jossa on yli 1 500 suoramyyntivaatetta. Ruotsissa vierailemme l\u00e4hes 2000 eri yhdistyksess\u00e4, tapahtumissa ja palvelutaloissa.<\/p>\n\n\n\n<p>Rullaamme 6 isoa vaatetelinett\u00e4 tiloihinne ja siit\u00e4 tulee yli 20 juoksumetrin vaatekauppa. Halutessanne j\u00e4rjest\u00e4mme my\u00f6s muotin\u00e4yt\u00f6ksi\u00e4.<\/p>\n<\/div><\/div>\n<\/div>\n\n\n\n<div class=\"wp-block-group alignfull has-global-padding is-layout-constrained wp-block-group-is-layout-constrained\">\n<div class=\"wp-block-media-text has-media-on-the-right is-stacked-on-mobile is-vertically-aligned-top is-image-fill-element is-style-soft-corner\" style=\"padding-top:0;padding-bottom:0;grid-template-columns:auto 33%\"><div class=\"wp-block-media-text__content\">\n<h2 class=\"wp-block-heading\">Liikkuva laatukauppa<\/h2>\n\n\n\n<p>SeniorShop on kauppa py\u00f6rill\u00e4. Naisten ja miesten valikoimamme on l\u00e4hes t\u00e4ydellinen ja valittu eritt\u00e4in huolellisesti muodin, yhdistett\u00e4vyyden, laadun sek\u00e4 mallien suhteen. <\/p>\n\n\n\n<p>Tuotevalikoimassa&nbsp; mm. puseroita, neuleita, takkeja, housuja, mekkoja, y\u00f6asuja, p\u00e4\u00e4hineit\u00e4, sukkia ja alusvaatteita. <\/p>\n\n\n\n<p>Naisille kokoja S-4XL ja miehille S-5XL.<\/p>\n<\/div><figure class=\"wp-block-media-text__media\"><img decoding=\"async\" src=\"https:\/\/seniorshop.fi\/app\/uploads\/2024\/10\/bilen_open_2-1024x819.jpg\" alt=\"\" class=\"wp-image-3658 size-full\" style=\"object-position:50% 50%\"\/><\/figure><\/div>\n<\/div>\n\n\n\n<div class=\"wp-block-group alignfull has-global-padding is-layout-constrained wp-block-group-is-layout-constrained\">\n<div class=\"wp-block-media-text is-stacked-on-mobile is-vertically-aligned-top is-image-fill-element is-style-soft-corner\" style=\"padding-top:0;padding-bottom:0;grid-template-columns:33% auto\"><figure class=\"wp-block-media-text__media\"><img decoding=\"async\" src=\"https:\/\/seniorshop.fi\/app\/uploads\/2024\/08\/IMG_3191.jpg\" alt=\"\" class=\"wp-image-1325 size-full\" style=\"object-position:48% 14%\"\/><\/figure><div class=\"wp-block-media-text__content\">\n<h2 class=\"wp-block-heading\">Parhaat toimittajat<\/h2>\n\n\n\n<p>SeniorShopilla on ainutlaatuinen valikoima, jolle on ominaista helppohoitoiset ja hyvin istuvat vaatteet sek\u00e4 klassinen, moderni leikkaus. <\/p>\n\n\n\n<p>Tilaamme tuotteet&nbsp; tunnetuilta ruotsalaisilta, tanskalaisilta, it\u00e4valtalaisilta ja saksalaisilta tavarantoimittajilta, joiden tied\u00e4mme t\u00e4ytt\u00e4v\u00e4n vaatimukset.<\/p>\n<\/div><\/div>\n<\/div>\n\n\n\n<div class=\"wp-block-group alignfull has-light-background-color has-background has-global-padding is-layout-constrained wp-block-group-is-layout-constrained\">\n<h2 class=\"wp-block-heading has-text-align-center\">Soita niin tulemme<\/h2>\n\n\n\n<p>Soita ja varaa k\u00e4ynti oman alueesi kauppiaalta, mutta kannattaa toimia nopeasti, sill\u00e4 suosituimmat ajat varataan nopeasti. Etsi oma alueesi ja ota yhteytt\u00e4 vastaavaan kauppiaaseen.<\/p>\n\n\n\n<div class=\"dropdown-wrapper\">\n    <div class=\"dropdown\">\n    <button class=\"btn district-btn btn-secondary dropdown-toggle\" type=\"button\" data-bs-toggle=\"dropdown\" aria-expanded=\"false\">\n        Valitse alue        <\/button>\n        <div class=\"dropdown-menu\" aria-labelledby=\"dropdownMenuButton\">\n                    <\/div>\n    <\/div>\n<\/div>\n<\/div>\n","protected":false},"excerpt":{"rendered":"<p>Liikeideana on &#8221;Kauppa, joka tulee asiakkaan luo&#8221;. Vierailemme erityyppisiss\u00e4 yhdistyksiss\u00e4, kohtaamispaikoissa ja palvelutaloissa, tuoden mukanamme t\u00e4ydellisen naisten ja miesten vaatekaupan, joka sis\u00e4lt\u00e4\u00e4 yli 1 500&nbsp; vaatetta, jotka asiakas saa heti mukaansa. Liiketoiminta aloitettiin vuonna 1996 koetoiminnalla Helsingborgissa, ja Suomessa toiminta alkoi vuonna 2010. \u200bT\u00e4n\u00e4\u00e4n SeniorShop-ketjulla on noin 30 franchising-yritt\u00e4j\u00e4\u00e4 Ruotsissa, Norjassa ja Suomessa. Jatkamme laajentumista [&hellip;]<\/p>\n","protected":false},"author":1,"featured_media":803,"parent":0,"menu_order":0,"comment_status":"closed","ping_status":"closed","template":"","meta":{"_acf_changed":false,"footnotes":""},"class_list":["post-522","page","type-page","status-publish","has-post-thumbnail","hentry"],"acf":[],"mb":[],"mfb_rest_fields":["title"],"_links":{"self":[{"href":"https:\/\/seniorshop.fi\/alue-10\/wp-json\/wp\/v2\/pages\/522","targetHints":{"allow":["GET"]}}],"collection":[{"href":"https:\/\/seniorshop.fi\/alue-10\/wp-json\/wp\/v2\/pages"}],"about":[{"href":"https:\/\/seniorshop.fi\/alue-10\/wp-json\/wp\/v2\/types\/page"}],"author":[{"embeddable":true,"href":"https:\/\/seniorshop.fi\/alue-10\/wp-json\/wp\/v2\/users\/1"}],"replies":[{"embeddable":true,"href":"https:\/\/seniorshop.fi\/alue-10\/wp-json\/wp\/v2\/comments?post=522"}],"version-history":[{"count":0,"href":"https:\/\/seniorshop.fi\/alue-10\/wp-json\/wp\/v2\/pages\/522\/revisions"}],"wp:featuredmedia":[{"embeddable":true,"href":"https:\/\/seniorshop.fi\/alue-10\/wp-json\/wp\/v2\/media\/803"}],"wp:attachment":[{"href":"https:\/\/seniorshop.fi\/alue-10\/wp-json\/wp\/v2\/media?parent=522"}],"curies":[{"name":"wp","href":"https:\/\/api.w.org\/{rel}","templated":true}]}}